o**2 + 4*o - 5*o + 8. Let r(z) = -z**2 + 5*z - 4. Let j be r(4). Calculate the remainder when 15 is divided by w(j).
7
Let u = -12 - -61. Calculate the remainder when u is divided by 13.
10
Suppose 20 = 2*g + b, -58 = -5*g + b - 1. Suppose 6 + 6 = 3*u. What is the remainder when g is divided by u?
3
Let d = 3 - -5. What is the remainder when d is divided by 3?
2
Suppose -14*y + 20 = -10*y. Calculate the remainder when y is divided by 4.
1
Let f = 2 + 140. What is the remainder when f is divided by 36?
34
Let z = -26 - -12. Let o = z - -19. What is the remainder when 27 is divided by o?
2
Suppose 6*m - 376 = 2*m - 2*i, 0 = -m - 4*i + 94. What is the remainder when m is divided by 14?
10
Let r = 56 - 2. Calculate the remainder when r is divided by 23.
8
Suppose -5*a = k - 21, -3*a - 8*k - 5 = -3*k. Let u = a - -5. Calculate the remainder when 2/(-9) - (-263)/9 is divided by u.
9
Let s(b) = 10*b - 1. Let y(t) = -20*t + 2. Let a(w) = 13*s(w) + 6*y(w). What is the remainder when a(3) is divided by 10?
9
Suppose 0 = 5*r + 5*l - 64 - 76, 34 = r - 5*l. Calculate the remainder when 84 is divided by r.
26
Let b(q) = -q + 1. Let k be b(-3). Suppose -l - k*l = -90. What is the remainder when 26 is divided by 4/l + (-372)/(-27)?
12
Let w = -18 + 35. Calculate the remainder when 67 is divided by w.
16
Suppose 3*g - 4*w = 49, -3*g = 2*g + 2*w - 73. Let y(k) = 8*k - 10. Let o be y(10). Let h = 98 - o. What is the remainder when h is divided by g?
13
Suppose 3*p - 11 = 37. Let s = 24 - p. Calculate the remainder when (-2)/6*-31*3 is divided by s.
7
Let j = -81 - -87. What is the remainder when 16 is divided by j?
4
Let m = 4 - -7. Let c = m + -51. Calculate the remainder when 11 is divided by 6/21 - c/7.
5
Calculate the remainder when 26/2 + (-2)/((-6)/(-3)) is divided by 4.
0
Let l = 0 - -8. Let z = 70 - 37. Suppose 5*m = 5*y - 20, 0 = -5*y - 5*m - 3 + z. Calculate the remainder when l is divided by y.
3
Suppose -4*r = r - 20. Suppose 0*g + r*g = 384. Suppose 5*z - g = 2*z. Calculate the remainder when z is divided by 11.
10
Let a(s) = 4*s**2 + 6*s + 2. Calculate the remainder when a(-5) is divided by 25.
22
Let p = -4 - -17. Calculate the remainder when 23 is divided by p.
10
Suppose 0 = 3*j - 4*z - 26, 2*j - 4*z - 9 = -3*z. Let l = 0 + 2. What is the remainder when j is divided by l?
0
Let m(o) = o + 4. What is the remainder when 4 is divided by m(-2)?
0
Suppose 2*j + a - 22 = 0, 3*a = -3*j + 2*a + 31. Calculate the remainder when 24 + 5 - (-12)/(-3) is divided by j.
7
Let t(m) = -4*m**2 + 3*m + 1. Let s be t(9). Let p be (s - 2)*4/(-8). Suppose 4*a - p = o, -o = -3*a - 2*o + 117. What is the remainder when a is divided by 13?
12
Suppose -8*s = -4*s - 68. Suppose -5*w + 45 = 5*g, -g - 41 = -4*w - 0*w. What is the remainder when s is divided by w?
7
Suppose 3 + 1 = -2*k. What is the remainder when ((-6)/(-3))/(14/189) is divided by 3/(k*(-6)/56)?
13
Calculate the remainder when 95 is divided by (-14)/(-21)*(-150)/(-4).
20
Let t(o) = o**3 + 9*o**2 + 6*o. Suppose -8 = 4*j + 12. What is the remainder when t(j) is divided by 24?
22
Let c(n) = -n**2 - 6*n + 1. Let l be c(-4). Suppose m + 2*m = l. Suppose -m*q = -0*q - 30. Calculate the remainder when 29 is divided by q.
9
Let r = -20 + 27. Calculate the remainder when r is divided by 2.
1
Let p(m) be the third derivative of -m**4/3 - 11*m**3/6 - m**2. Calculate the remainder when p(-6) is divided by (1*20 - 0) + -1.
18
Let q = -27 + 6. Let h be (-174)/q - (-2)/(-7). Calculate the remainder when (-4)/(-16) - (-14)/h is divided by 1.
0
Suppose 5*f = 4*f - 22. Let y = -5 - f. Let a = 72 - 39. Calculate the remainder when a is divided by y.
16
Let x be (-2)/(-1 - (-154)/158). Suppose 0 = o - 2*c + 10, -19 + x = -4*o + 3*c. Let n = -4 - o. Calculate the remainder when 40 is divided by n.
12
Let l(r) = 6*r + 43. Calculate the remainder when 40 is divided by l(-6).
5
Let z be ((-46)/8)/((-2)/8). Let s = -16 + z. Let b(l) = -l**3 - 2*l**2 + 2*l + 1. What is the remainder when s is divided by b(-3)?
3
Let u(g) = -g**2 - g - 5. Let l be u(0). Let p = -2 - l. Suppose -p*z - 45 = -4*c + 2*z, z - 9 = -c. Calculate the remainder when c is divided by 6.
4
Suppose -3*h + 36 = -0*h. Suppose -y = b - 21, -3*b - 2*b + 5*y = -105. Suppose 4*q - 2*k = b + 3, q = 2*k + 3. What is the remainder when h is divided by q?
5
Let l(s) = -37*s**3 + s**2 - s. Let b = -11 + 21. What is the remainder when l(-1) is divided by b?
9
Suppose i = -4*t + 57, -2*i + 2*t - 339 = -7*i. Calculate the remainder when i is divided by 36.
33
Let d(r) = -r**3 - 5*r**2 + 4*r - 9. Calculate the remainder when 4 is divided by d(-6).
1
Let h be 42/(-12)*20/(-7). Let n(s) = 10*s - 1. Calculate the remainder when n(4) is divided by (34/h - 3)*35.
11
Let q(r) = 2*r - 1. Let d be q(2). Suppose d + 15 = 2*s. Suppose -4*c + 5 = w, 17 + 3 = 4*w + c. Calculate the remainder when s is divided by w.
4
Let j(d) = 2 - d + 2 + 5*d - 3. Let u be j(7). Suppose m + u = 5*y, 4*m - 3 = -y - 14. Calculate the remainder when 9 is divided by y.
4
Let w(j) = j**2 + 7*j + 3. Let p be w(-7). Suppose 1 = p*c - 8. Let t(x) = 2*x - 16. Calculate the remainder when c is divided by t(9).
1
Let g = 20 - -16. Calculate the remainder when 34 is divided by ((-3)/3)/((-2)/g).
16
Let w(x) = -x**3 - 7*x**2 + 8*x + 5. Let g be w(-7). Let p = -27 - g. Suppose 3*y = y + p. Calculate the remainder when 22 is divided by y.
10
Suppose -2*c + 5 = -c. Suppose -x - 1 + c = 0. Suppose 0 = x*y - 68 - 48. Calculate the remainder when y is divided by 15.
14
Let p = 240 + -189. Calculate the remainder when p is divided by 15.
6
Let o(t) = 4*t**2 - 2*t - 2. Let j be o(2). Let n = j - -24. Calculate the remainder when n is divided by 13.
8
Calculate the remainder when 54 is divided by (1 + -2)*(-1 + -10 - 3).
12
Let c = -4 - -20. Let s(x) = -x**2 - 3*x + 10. Let p be s(7). What is the remainder when c is divided by 3/(-4)*p/5?
7
Let b = -10 + 14. Let s = 31 + -26. What is the remainder when (2/6)/(b/84) is divided by s?
2
Suppose 8*s - 6 = 6*s. Let y(n) = -n**2 + 4*n - 2. Calculate the remainder when s is divided by y(3).
0
Let h = -24 - -54. What is the remainder when h is divided by 8?
6
Suppose -3*r = -3*g + 1 - 13, -5*r + g = -16. Calculate the remainder when 1 - (-31 + r/3) is divided by 17.
14
Let x(t) = 6*t - 3*t - 11 + 2. Let v be x(6). Suppose -q - f + v = -0*f, -q - 9 = -5*f. What is the remainder when 16 is divided by q?
4
Suppose -5*t + 0*t + 10 = 0. Suppose 2*h = t*g + 12 - 2, -3*h = -2*g - 16. Let u = 10 + 1. Calculate the remainder when u is divided by h.
5
Let j be ((-39)/4)/(6/(-16)). Suppose 5*z = 4*z + j. Suppose 0 = -d - 4*d - 4*f + 65, 5*f = -d + 34. What is the remainder when z is divided by d?
8
Suppose 6 = 3*b - 6. Suppose -2*p - 28 = -b*p. What is the remainder when 27 is divided by p?
13
Let k(o) = -o**3 - 4*o**2 + 2*o - 4. Let x be k(-5). Suppose x = 2*i - 3. What is the remainder when 13 is divided by i?
6
Let c be 1 + (5 - (3 + -1)). Let z be ((-6)/c)/((-6)/(-8)). Calculate the remainder when 38 is divided by 16 + z - (2 - 1).
12
Suppose -5*t + 20 = -15. Suppose -7 + 1 = -4*g - 3*w, -2*w = g + 1. What is the remainder when t is divided by g?
1
Suppose 0 = c - 30 + 9. Suppose 4*u - c = 55. Calculate the remainder when u is divided by 5.
4
Let t(j) = j**3 + 2*j**2 - 3*j + 2. Let u = 0 + -3. Let v be t(u). What is the remainder when (350/21)/(v/6) is divided by 17?
16
Let a(p) = p**3 + 12*p**2 + 9*p + 1. Let c be (-6)/24 - 129/12. What is the remainder when a(c) is divided by 6?
5
Let t = 5 + -3. Suppose 3*z = -t*z + 40. What is the remainder when 14 is divided by z?
6
Let t = -121 - -215. Calculate the remainder when t is divided by 24.
22
Let v = -8 - -20. Suppose -5*p = -v - 173. What is the remainder when p is divided by ((-26)/6)/(2/(-6))?
11
Let a(w) = 8*w**2 + 2*w. Let q be a(2). Suppose -19 = 5*x + q. What is the remainder when (-2)/x + (-524)/(-22) is divided by 13?
11
Suppose 5*u = 5*s + 45, s - 3*u = 5*s + 71. Let f = s - -10. What is the remainder when 8 is divided by 2 - (f - -1 - 0)?
3
Let b(r) = -15*r - 4. Let y be b(-7). Suppose -n + 4*n + q - 59 = 0, 0 = 5*n - q - y. What is the remainder when n is divided by 7?
6
Let x = -6 + 34. Suppose 7 = -4*k - 5. What is the rem